{"id":47,"date":"2014-11-22T18:35:29","date_gmt":"2014-11-22T17:35:29","guid":{"rendered":"http:\/\/augenoase.info\/?page_id=47"},"modified":"2020-10-07T18:29:26","modified_gmt":"2020-10-07T17:29:26","slug":"ueber-mich","status":"publish","type":"page","link":"https:\/\/augenoase.info\/?page_id=47","title":{"rendered":"\u00dcber mich"},"content":{"rendered":"<h2>Meine Ausbilung<\/h2>\n<div>\n<p style=\"text-align: justify;\">Schon in meinem Studium zur Dipl. Sozialp\u00e4dagogin (FH) faszinierte mich das Zusammenwirken von Seele (Psyche) und K\u00f6rper. Um die k\u00f6rperlichen Zusammenh\u00e4nge zu verstehen bildete ich mich zur Heilpraktikerin weiter. Bei der Er\u00f6ffnung meiner Praxis stand daher von Anfang an das Zusammenwirken von Seelengesundheit und k\u00f6rperlicher Gesundheit im Vordergrund.<\/p>\n<h3>Ausbildungen<\/h3>\n<ul>\n<li>Heilpraktikerin<\/li>\n<li>Dipl. Sozialp\u00e4dagogin (FH)<\/li>\n<li>Erzieherin<\/li>\n<li>Zertifizierte Kursleiterin Ganzheitliche Augenschule<\/li>\n<li>Ganzheitliche Augentrainerin<\/li>\n<\/ul>\n<\/div>\n<h2>Meine Schwerpunkte<\/h2>\n<div>\n<ul>\n<li>Augenoase\n<ul>\n<li>ganzheitliche Augen- und Sehtherapie zur St\u00e4rkung der Augengesundheit<\/li>\n<li>Licht- Augenakupunktur<\/li>\n<li>Akupressur<\/li>\n<li>Augenkinesiologie<\/li>\n<li>Seminare, Kurse Workshops<\/li>\n<li>Aufstellungen<\/li>\n<\/ul>\n<\/li>\n<li>ganzheitliche Unterst\u00fctzung\n<ul>\n<li>Lichtakupunktur und Klangpunktur<\/li>\n<li>ostheopatische Kieferbalance<\/li>\n<li>Beratung und Coaching in Form von Einzel- und Partnerterminen, Aufstellungen, Mediationen<\/li>\n<li>Energetische Behandlungsformen wie z.B. Quantenheilung<\/li>\n<li>Klangmassagen<\/li>\n<\/ul>\n<\/li>\n<li>Seminare und Workshops zur ganzheitlichen Gesundheit<\/li>\n<\/ul>\n<\/div>\n<h2>Ganzheitliches Augentraining<\/h2>\n<div style=\"text-align: justify;\">Seit Januar 2014 bin ich ganzheitliche Augentrainerin.<br \/>\nund biete meine F\u00e4higkeiten im Bereich der ganzheitlichen Augengesundheit an. Dies dient der:<\/p>\n<ul>\n<li>Verbesserung der Sehf\u00e4higkeit und Sehkraft<\/li>\n<li>Vorbeugung von Sehproblemen<\/li>\n<li>Unterst\u00fctzung der Selbstheilungskr\u00e4fte<\/li>\n<\/ul>\n<p>In unsere Augen die auch als \u201eTor zur Seele\u201c bezeichnet werden, zeigt sich das Zusammenspiel von K\u00f6rper und Seele. Mein ganzheitliches Angebot bezieht daher sowohl den ganzen K\u00f6rper als auch die Seele liebevoll ein.<br \/>\nDas ganzheitliche Augentraining beinhaltet:<\/p>\n<ul>\n<li>Optimierung der Sehqualit\u00e4t durch leicht umsetzbare Augen\u00fcbungen<\/li>\n<li>St\u00e4rkung und Vitalisierung des gesamten Sehorganismus<\/li>\n<li>Vermeidung und Abbau von Sehstresssymptomen (Augenbrennen, Kopfschmerzen)<\/li>\n<li>Harmonisierung der Sehfunktion durch gezielte Entspannung und Regeneration<\/li>\n<li>Anregungen zur Gestaltung eines augenfreundlichen Arbeitsplatzes<\/li>\n<li>augenfreundliches Lesen<\/li>\n<li>ergonomisches Sitzen<\/li>\n<li>Augengesundheit durch eine bewusste Ern\u00e4hrung z.B. welchen erh\u00f6hten N\u00e4hrstoffbedarf hat mein Auge bei Arbeit im k\u00fcnstlichen Licht und bei PC &amp; Co<br \/>\nUmgang mit Brille und anderen Sehhilfen<\/li>\n<\/ul>\n<\/div>\n","protected":false},"excerpt":{"rendered":"<p>Meine Ausbilung Schon in meinem Studium zur Dipl. Sozialp\u00e4dagogin (FH) faszinierte mich das Zusammenwirken von Seele (Psyche) und K\u00f6rper. Um die k\u00f6rperlichen Zusammenh\u00e4nge zu verstehen bildete ich mich zur Heilpraktikerin weiter. Bei der Er\u00f6ffnung meiner Praxis stand daher von Anfang an das Zusammenwirken von Seelengesundheit und k\u00f6rperlicher Gesundheit im Vordergrund. Ausbildungen Heilpraktikerin Dipl. Sozialp\u00e4dagogin (FH) [&hellip;]<\/p>\n","protected":false},"author":1,"featured_media":0,"parent":0,"menu_order":10,"comment_status":"closed","ping_status":"open","template":"","meta":[],"_links":{"self":[{"href":"https:\/\/augenoase.info\/index.php?rest_route=\/wp\/v2\/pages\/47"}],"collection":[{"href":"https:\/\/augenoase.info\/index.php?rest_route=\/wp\/v2\/pages"}],"about":[{"href":"https:\/\/augenoase.info\/index.php?rest_route=\/wp\/v2\/types\/page"}],"author":[{"embeddable":true,"href":"https:\/\/augenoase.info\/index.php?rest_route=\/wp\/v2\/users\/1"}],"replies":[{"embeddable":true,"href":"https:\/\/augenoase.info\/index.php?rest_route=%2Fwp%2Fv2%2Fcomments&post=47"}],"version-history":[{"count":3,"href":"https:\/\/augenoase.info\/index.php?rest_route=\/wp\/v2\/pages\/47\/revisions"}],"predecessor-version":[{"id":400,"href":"https:\/\/augenoase.info\/index.php?rest_route=\/wp\/v2\/pages\/47\/revisions\/400"}],"wp:attachment":[{"href":"https:\/\/augenoase.info\/index.php?rest_route=%2Fwp%2Fv2%2Fmedia&parent=47"}],"curies":[{"name":"wp","href":"https:\/\/api.w.org\/{rel}","templated":true}]}}